{"id":1178,"date":"2025-07-10T12:25:31","date_gmt":"2025-07-10T15:25:31","guid":{"rendered":"http:\/\/concejo.rdb-ti.com\/?page_id=1178"},"modified":"2026-04-01T12:50:38","modified_gmt":"2026-04-01T15:50:38","slug":"becas-cordoba","status":"publish","type":"page","link":"https:\/\/cdsalta.gob.ar\/index.php\/becas-cordoba\/","title":{"rendered":"Becas Cordoba"},"content":{"rendered":"\n<div class=\"wp-block-uagb-container uagb-block-358d43ea alignfull uagb-is-root-container\"><div class=\"uagb-container-inner-blocks-wrap\">\n<div class=\"wp-block-uagb-advanced-heading uagb-block-4081201b\"><h2 class=\"uagb-heading-text\">Beca Estudiantil \u201cProfesor Daniel C\u00f3rdoba\u201d<\/h2><\/div>\n<\/div><\/div>\n\n\n\n<div class=\"wp-block-uagb-container uagb-block-12a2bc74 alignfull uagb-is-root-container\"><div class=\"uagb-container-inner-blocks-wrap\">\n<p style=\"text-align: justify; font-size: 20px;\"><span style=\"font-size: 15.0pt; font-family: 'Arial',sans-serif; color: #111111;\">En 2022, y mediante Resoluci\u00f3n N\u00b0 767, el Concejo Deliberante instituy\u00f3 la Beca Estudiantil \u201cProfesor Daniel C\u00f3rdoba\u201d, destinada a estudiantes de nivel superior que cursan las carreras de Ciencias Exactas, Ciencias Naturales, Tecnolog\u00eda e Ingenier\u00eda, Matem\u00e1tica y F\u00edsica en la ciudad de Salta.<\/span><\/p>\n<p style=\"text-align: justify; background: white; vertical-align: baseline; margin: 0cm 0cm 19.2pt 0cm;\"><span style=\"font-size: 15.0pt; font-family: 'Arial',sans-serif; color: #111111;\">El incentivo busca contribuir a la formaci\u00f3n de estudiantes destacados en las \u00e1reas afines de las ciencias que desean continuar con sus carreras de grado. Adem\u00e1s, representa un premio al excelente desempe\u00f1o acad\u00e9mico, incentivando la participaci\u00f3n de los j\u00f3venes en el desarrollo social y cultural, facilitando el acceso al conocimiento cient\u00edfico.<\/span><\/p>\n<\/div><\/div>\n\n\n\n<div class=\"wp-block-uagb-container uagb-block-0b791458 alignfull uagb-is-root-container\"><div class=\"uagb-container-inner-blocks-wrap\">\n<div class=\"alignnormal\"><div id=\"metaslider-id-1276\" style=\"width: 100%;\" class=\"ml-slider-3-107-0 metaslider metaslider-flex metaslider-1276 ml-slider has-dots-nav ms-theme-default-base\" role=\"region\" aria-label=\"BecasCordoba\" data-height=\"1280\" data-width=\"1920\">\n    <div id=\"metaslider_container_1276\">\n        <div id=\"metaslider_1276\">\n            <ul class='slides'>\n                <li style=\"display: block; width: 100%;\" class=\"slide-5091 ms-image \" aria-roledescription=\"slide\" data-date=\"2026-01-30 16:35:51\" data-filename=\"cordoba.jpeg\" data-slide-type=\"image\"><img loading=\"lazy\" decoding=\"async\" src=\"https:\/\/cdsalta.gob.ar\/wp-content\/uploads\/2026\/01\/cordoba.jpeg\" height=\"1280\" width=\"1920\" alt=\"\" class=\"slider-1276 slide-5091 msDefaultImage\" title=\"cordoba\" \/><\/li>\n                <li style=\"display: none; width: 100%;\" class=\"slide-1277 ms-image \" aria-roledescription=\"slide\" data-date=\"2025-07-11 11:19:38\" data-filename=\"1-BecaCordoba-1513x1008.jpg\" data-slide-type=\"image\"><img loading=\"lazy\" decoding=\"async\" src=\"https:\/\/cdsalta.gob.ar\/wp-content\/uploads\/2025\/07\/1-BecaCordoba-1513x1008.jpg\" height=\"1280\" width=\"1920\" alt=\"\" class=\"slider-1276 slide-1277 msDefaultImage\" title=\"1- BecaCordoba\" \/><\/li>\n                <li style=\"display: none; width: 100%;\" class=\"slide-1278 ms-image \" aria-roledescription=\"slide\" data-date=\"2025-07-11 11:19:38\" data-filename=\"2-BecaCordoba.jpg\" data-slide-type=\"image\"><img loading=\"lazy\" decoding=\"async\" src=\"https:\/\/cdsalta.gob.ar\/wp-content\/uploads\/2025\/07\/2-BecaCordoba.jpg\" height=\"1280\" width=\"1920\" alt=\"\" class=\"slider-1276 slide-1278 msDefaultImage\" title=\"2- BecaCordoba\" \/><\/li>\n                <li style=\"display: none; width: 100%;\" class=\"slide-1279 ms-image \" aria-roledescription=\"slide\" data-date=\"2025-07-11 11:19:38\" data-filename=\"3-BecaCordoba-1480x987.jpg\" data-slide-type=\"image\"><img loading=\"lazy\" decoding=\"async\" src=\"https:\/\/cdsalta.gob.ar\/wp-content\/uploads\/2025\/07\/3-BecaCordoba-1480x987.jpg\" height=\"1280\" width=\"1920\" alt=\"\" class=\"slider-1276 slide-1279 msDefaultImage\" title=\"3- BecaCordoba\" \/><\/li>\n                <li style=\"display: none; width: 100%;\" class=\"slide-1280 ms-image \" aria-roledescription=\"slide\" data-date=\"2025-07-11 11:19:39\" data-filename=\"4-BecaCordoba.jpg\" data-slide-type=\"image\"><img loading=\"lazy\" decoding=\"async\" src=\"https:\/\/cdsalta.gob.ar\/wp-content\/uploads\/2025\/07\/4-BecaCordoba.jpg\" height=\"1280\" width=\"1920\" alt=\"\" class=\"slider-1276 slide-1280 msDefaultImage\" title=\"4 - BecaCordoba\" \/><\/li>\n                <li style=\"display: none; width: 100%;\" class=\"slide-1281 ms-image \" aria-roledescription=\"slide\" data-date=\"2025-07-11 11:19:39\" data-filename=\"5-BecaCordoba-1528x1019.jpg\" data-slide-type=\"image\"><img loading=\"lazy\" decoding=\"async\" src=\"https:\/\/cdsalta.gob.ar\/wp-content\/uploads\/2025\/07\/5-BecaCordoba-1528x1019.jpg\" height=\"1280\" width=\"1920\" alt=\"\" class=\"slider-1276 slide-1281 msDefaultImage\" title=\"5- BecaCordoba\" \/><\/li>\n            <\/ul>\n        <\/div>\n        \n    <\/div>\n<\/div><\/div>\n<\/div><\/div>\n\n\n\n<div class=\"wp-block-uagb-container uagb-block-85b6282d alignfull uagb-is-root-container\"><div class=\"uagb-container-inner-blocks-wrap\">\n<p style=\"text-align: justify; font-size: 20px;\">De acuerdo a la normativa, el CD otorga cada a\u00f1o quince becas equivalentes a mil quinientas Unidades Tributarias (1500 U.T.) cada una, a estudiantes que se postulen durante el per\u00edodo de convocatoria establecido desde la instituci\u00f3n. La selecci\u00f3n de los beneficiarios la realiza la Comisi\u00f3n Especial de Seguimiento de la Beca, espacio conformado por concejales, representantes de la Asociaci\u00f3n Civil Daniel C\u00f3rdoba y de la delegaci\u00f3n Salta de la Olimpiada Matem\u00e1tica Argentina.<\/p>\n<p style=\"text-align: justify; font-size: 20px;\">\u00a0<\/p>\n<\/div><\/div>\n","protected":false},"excerpt":{"rendered":"<p>Beca Estudiantil \u201cProfesor Daniel C\u00f3rdoba\u201d En 2022, y mediante Resoluci\u00f3n N\u00b0 767, el Concejo Deliberante instituy\u00f3 la Beca Estudiantil \u201cProfesor [&hellip;]<\/p>\n","protected":false},"author":1,"featured_media":0,"parent":0,"menu_order":0,"comment_status":"closed","ping_status":"closed","template":"","meta":{"_uag_custom_page_level_css":"","site-sidebar-layout":"default","site-content-layout":"","ast-site-content-layout":"default","site-content-style":"default","site-sidebar-style":"default","ast-global-header-display":"","ast-banner-title-visibility":"","ast-main-header-display":"","ast-hfb-above-header-display":"","ast-hfb-below-header-display":"","ast-hfb-mobile-header-display":"","site-post-title":"disabled","ast-breadcrumbs-content":"","ast-featured-img":"","footer-sml-layout":"","ast-disable-related-posts":"","theme-transparent-header-meta":"","adv-header-id-meta":"","stick-header-meta":"","header-above-stick-meta":"","header-main-stick-meta":"","header-below-stick-meta":"","astra-migrate-meta-layouts":"default","ast-page-background-enabled":"default","ast-page-background-meta":{"desktop":{"background-color":"var(--ast-global-color-5)","background-image":"","background-repeat":"repeat","background-position":"center center","background-size":"auto","background-attachment":"scroll","background-type":"","background-media":"","overlay-type":"","overlay-color":"","overlay-opacity":"","overlay-gradient":""},"tablet":{"background-color":"","background-image":"","background-repeat":"repeat","background-position":"center center","background-size":"auto","background-attachment":"scroll","background-type":"","background-media":"","overlay-type":"","overlay-color":"","overlay-opacity":"","overlay-gradient":""},"mobile":{"background-color":"","background-image":"","background-repeat":"repeat","background-position":"center center","background-size":"auto","background-attachment":"scroll","background-type":"","background-media":"","overlay-type":"","overlay-color":"","overlay-opacity":"","overlay-gradient":""}},"ast-content-background-meta":{"desktop":{"background-color":"var(--ast-global-color-4)","background-image":"","background-repeat":"repeat","background-position":"center center","background-size":"auto","background-attachment":"scroll","background-type":"","background-media":"","overlay-type":"","overlay-color":"","overlay-opacity":"","overlay-gradient":""},"tablet":{"background-color":"var(--ast-global-color-4)","background-image":"","background-repeat":"repeat","background-position":"center center","background-size":"auto","background-attachment":"scroll","background-type":"","background-media":"","overlay-type":"","overlay-color":"","overlay-opacity":"","overlay-gradient":""},"mobile":{"background-color":"var(--ast-global-color-4)","background-image":"","background-repeat":"repeat","background-position":"center center","background-size":"auto","background-attachment":"scroll","background-type":"","background-media":"","overlay-type":"","overlay-color":"","overlay-opacity":"","overlay-gradient":""}},"footnotes":""},"class_list":["post-1178","page","type-page","status-publish","hentry"],"uagb_featured_image_src":{"full":false,"thumbnail":false,"medium":false,"medium_large":false,"large":false,"1536x1536":false,"2048x2048":false,"mailpoet_newsletter_max":false},"uagb_author_info":{"display_name":"cdsistema","author_link":"https:\/\/cdsalta.gob.ar\/index.php\/author\/cdsistema\/"},"uagb_comment_info":0,"uagb_excerpt":"Beca Estudiantil \u201cProfesor Daniel C\u00f3rdoba\u201d En 2022, y mediante Resoluci\u00f3n N\u00b0 767, el Concejo Deliberante instituy\u00f3 la Beca Estudiantil \u201cProfesor [&hellip;]","_links":{"self":[{"href":"https:\/\/cdsalta.gob.ar\/index.php\/wp-json\/wp\/v2\/pages\/1178","targetHints":{"allow":["GET"]}}],"collection":[{"href":"https:\/\/cdsalta.gob.ar\/index.php\/wp-json\/wp\/v2\/pages"}],"about":[{"href":"https:\/\/cdsalta.gob.ar\/index.php\/wp-json\/wp\/v2\/types\/page"}],"author":[{"embeddable":true,"href":"https:\/\/cdsalta.gob.ar\/index.php\/wp-json\/wp\/v2\/users\/1"}],"replies":[{"embeddable":true,"href":"https:\/\/cdsalta.gob.ar\/index.php\/wp-json\/wp\/v2\/comments?post=1178"}],"version-history":[{"count":37,"href":"https:\/\/cdsalta.gob.ar\/index.php\/wp-json\/wp\/v2\/pages\/1178\/revisions"}],"predecessor-version":[{"id":5668,"href":"https:\/\/cdsalta.gob.ar\/index.php\/wp-json\/wp\/v2\/pages\/1178\/revisions\/5668"}],"wp:attachment":[{"href":"https:\/\/cdsalta.gob.ar\/index.php\/wp-json\/wp\/v2\/media?parent=1178"}],"curies":[{"name":"wp","href":"https:\/\/api.w.org\/{rel}","templated":true}]}}