{"id":1819,"date":"2025-08-13T08:57:51","date_gmt":"2025-08-13T11:57:51","guid":{"rendered":"http:\/\/concejo.rdb-ti.com\/?page_id=1819"},"modified":"2026-04-06T12:52:47","modified_gmt":"2026-04-06T15:52:47","slug":"mesa-de-dialogo-permanente-de-discapacidad","status":"publish","type":"page","link":"https:\/\/cdsalta.gob.ar\/index.php\/mesa-de-dialogo-permanente-de-discapacidad\/","title":{"rendered":"mesa de dialogo permanente de discapacidad"},"content":{"rendered":"\n<div class=\"wp-block-uagb-container uagb-block-de77ac0e alignfull uagb-is-root-container\"><div class=\"uagb-container-inner-blocks-wrap\">\n<div class=\"wp-block-uagb-advanced-heading uagb-block-c730f8d7\"><h1 class=\"uagb-heading-text\">Mesa de Di\u00e1logo Permanente de Discapacidad<\/h1><\/div>\n<\/div><\/div>\n\n\n\n<div class=\"wp-block-uagb-container uagb-block-6a944f5c alignfull uagb-is-root-container\"><div class=\"uagb-container-inner-blocks-wrap\">\n<p style=\"text-align: justify; font-size: 1.4rem;\">El Concejo Deliberante creo, mediante Resoluci\u00f3n N\u00b0 262\/25, una Mesa de Di\u00e1logo Permanente de Discapacidad. El espacio de trabajo tiene por objetivo: relevar las problem\u00e1ticas que afectan a las personas con discapacidad en la Ciudad; elaborar propuestas legislativas, normativas o de gesti\u00f3n; impulsar campa\u00f1as de concientizaci\u00f3n, sensibilizaci\u00f3n y accesibilidad en espacios p\u00fablicos e institucionales; fomentar instancias de formaci\u00f3n, acceso a la informaci\u00f3n y participaci\u00f3n ciudadana; y emitir informes, recomendaciones y dict\u00e1menes dirigidos a los distintos niveles del estado.<\/p>\n<\/div><\/div>\n\n\n\n<div class=\"wp-block-uagb-container uagb-block-d4a22f0d alignfull uagb-is-root-container\"><div class=\"uagb-container-inner-blocks-wrap\">\n<div class=\"alignnormal\"><div id=\"metaslider-id-1831\" style=\"width: 100%;\" class=\"ml-slider-3-107-0 metaslider metaslider-flex metaslider-1831 ml-slider has-dots-nav ms-theme-default-base\" role=\"region\" aria-label=\"mesaDialogo\" data-height=\"1280\" data-width=\"1920\">\n    <div id=\"metaslider_container_1831\">\n        <div id=\"metaslider_1831\">\n            <ul aria-live='off' class='slides'>\n                <li style=\"display: block; width: 100%;\" class=\"slide-1832 ms-image \" aria-roledescription=\"slide\" data-date=\"2025-08-13 09:10:16\" data-filename=\"mesaDialogo1.jpg\" data-slide-type=\"image\"><img loading=\"lazy\" decoding=\"async\" src=\"https:\/\/cdsalta.gob.ar\/wp-content\/uploads\/2025\/08\/mesaDialogo1.jpg\" height=\"1280\" width=\"1920\" alt=\"\" class=\"slider-1831 slide-1832 msDefaultImage\" title=\"mesaDialogo1\" \/><\/li>\n                <li style=\"display: none; width: 100%;\" class=\"slide-1833 ms-image \" aria-roledescription=\"slide\" data-date=\"2025-08-13 09:10:16\" data-filename=\"mesaDialogo2.jpg\" data-slide-type=\"image\"><img loading=\"lazy\" decoding=\"async\" src=\"https:\/\/cdsalta.gob.ar\/wp-content\/uploads\/2025\/08\/mesaDialogo2.jpg\" height=\"1280\" width=\"1920\" alt=\"\" class=\"slider-1831 slide-1833 msDefaultImage\" title=\"mesaDialogo2\" \/><\/li>\n                <li style=\"display: none; width: 100%;\" class=\"slide-1834 ms-image \" aria-roledescription=\"slide\" data-date=\"2025-08-13 09:10:16\" data-filename=\"mesaDialogo3.jpg\" data-slide-type=\"image\"><img loading=\"lazy\" decoding=\"async\" src=\"https:\/\/cdsalta.gob.ar\/wp-content\/uploads\/2025\/08\/mesaDialogo3.jpg\" height=\"1280\" width=\"1920\" alt=\"\" class=\"slider-1831 slide-1834 msDefaultImage\" title=\"mesaDialogo3\" \/><\/li>\n                <li style=\"display: none; width: 100%;\" class=\"slide-1835 ms-image \" aria-roledescription=\"slide\" data-date=\"2025-08-13 09:10:16\" data-filename=\"mesaDialogo4.jpg\" data-slide-type=\"image\"><img loading=\"lazy\" decoding=\"async\" src=\"https:\/\/cdsalta.gob.ar\/wp-content\/uploads\/2025\/08\/mesaDialogo4.jpg\" height=\"1280\" width=\"1920\" alt=\"\" class=\"slider-1831 slide-1835 msDefaultImage\" title=\"mesaDialogo4\" \/><\/li>\n                <li style=\"display: none; width: 100%;\" class=\"slide-1836 ms-image \" aria-roledescription=\"slide\" data-date=\"2025-08-13 09:10:16\" data-filename=\"mesaDialogo5.jpg\" data-slide-type=\"image\"><img loading=\"lazy\" decoding=\"async\" src=\"https:\/\/cdsalta.gob.ar\/wp-content\/uploads\/2025\/08\/mesaDialogo5.jpg\" height=\"1280\" width=\"1920\" alt=\"\" class=\"slider-1831 slide-1836 msDefaultImage\" title=\"mesaDialogo5\" \/><\/li>\n                <li style=\"display: none; width: 100%;\" class=\"slide-1837 ms-image \" aria-roledescription=\"slide\" data-date=\"2025-08-13 09:10:16\" data-filename=\"mesaDialogo6.jpg\" data-slide-type=\"image\"><img loading=\"lazy\" decoding=\"async\" src=\"https:\/\/cdsalta.gob.ar\/wp-content\/uploads\/2025\/08\/mesaDialogo6.jpg\" height=\"1280\" width=\"1920\" alt=\"\" class=\"slider-1831 slide-1837 msDefaultImage\" title=\"mesaDialogo6\" \/><\/li>\n            <\/ul>\n        <\/div>\n        \n    <\/div>\n<\/div><\/div>\n<\/div><\/div>\n\n\n\n<div class=\"wp-block-uagb-container uagb-block-4b072244 alignfull uagb-is-root-container\"><div class=\"uagb-container-inner-blocks-wrap\">\n<p style=\"text-align: justify; font-size: 1.4rem;\">La Mesa de Dialogo depende de la Comisi\u00f3n de Discapacidad del CD, y a cada uno de sus encuentros son convocados a participar representantes de organismos p\u00fablicos y organizaciones de la sociedad civil.<\/p>\n<p style=\"text-align: justify; font-size: 1.4rem;\">Algunos de los organismos vinculados a las tem\u00e1ticas que aborda la Mesa son: Superintendencia de Servicios de Salud &#8211; Delegaci\u00f3n Salta; Ministerio de Salud P\u00fablica de Salta; Secretar\u00eda de Discapacidad y Pol\u00edticas Inclusivas de la provincia de Salta; Ministerio de Educaci\u00f3n, Cultura, Ciencia y Tecnolog\u00eda de la Provincia; Ministerio de Gobierno, Derechos Humanos y Trabajo de Salta; Direcci\u00f3n General de Discapacidad de la Municipalidad; Profesionales y t\u00e9cnicos especializados en la tem\u00e1tica; Organizaciones de la sociedad civil que trabajen en defensa de los derechos de las personas con discapacidad; entre otros.<\/p>\n<\/div><\/div>\n","protected":false},"excerpt":{"rendered":"<p>Mesa de Di\u00e1logo Permanente de Discapacidad El Concejo Deliberante creo, mediante Resoluci\u00f3n N\u00b0 262\/25, una Mesa de Di\u00e1logo Permanente de [&hellip;]<\/p>\n","protected":false},"author":1,"featured_media":0,"parent":0,"menu_order":0,"comment_status":"closed","ping_status":"closed","template":"","meta":{"_uag_custom_page_level_css":"","site-sidebar-layout":"default","site-content-layout":"","ast-site-content-layout":"default","site-content-style":"default","site-sidebar-style":"default","ast-global-header-display":"","ast-banner-title-visibility":"","ast-main-header-display":"","ast-hfb-above-header-display":"","ast-hfb-below-header-display":"","ast-hfb-mobile-header-display":"","site-post-title":"disabled","ast-breadcrumbs-content":"","ast-featured-img":"","footer-sml-layout":"","ast-disable-related-posts":"","theme-transparent-header-meta":"","adv-header-id-meta":"","stick-header-meta":"","header-above-stick-meta":"","header-main-stick-meta":"","header-below-stick-meta":"","astra-migrate-meta-layouts":"default","ast-page-background-enabled":"default","ast-page-background-meta":{"desktop":{"background-color":"var(--ast-global-color-5)","background-image":"","background-repeat":"repeat","background-position":"center center","background-size":"auto","background-attachment":"scroll","background-type":"","background-media":"","overlay-type":"","overlay-color":"","overlay-opacity":"","overlay-gradient":""},"tablet":{"background-color":"","background-image":"","background-repeat":"repeat","background-position":"center center","background-size":"auto","background-attachment":"scroll","background-type":"","background-media":"","overlay-type":"","overlay-color":"","overlay-opacity":"","overlay-gradient":""},"mobile":{"background-color":"","background-image":"","background-repeat":"repeat","background-position":"center center","background-size":"auto","background-attachment":"scroll","background-type":"","background-media":"","overlay-type":"","overlay-color":"","overlay-opacity":"","overlay-gradient":""}},"ast-content-background-meta":{"desktop":{"background-color":"var(--ast-global-color-4)","background-image":"","background-repeat":"repeat","background-position":"center center","background-size":"auto","background-attachment":"scroll","background-type":"","background-media":"","overlay-type":"","overlay-color":"","overlay-opacity":"","overlay-gradient":""},"tablet":{"background-color":"var(--ast-global-color-4)","background-image":"","background-repeat":"repeat","background-position":"center center","background-size":"auto","background-attachment":"scroll","background-type":"","background-media":"","overlay-type":"","overlay-color":"","overlay-opacity":"","overlay-gradient":""},"mobile":{"background-color":"var(--ast-global-color-4)","background-image":"","background-repeat":"repeat","background-position":"center center","background-size":"auto","background-attachment":"scroll","background-type":"","background-media":"","overlay-type":"","overlay-color":"","overlay-opacity":"","overlay-gradient":""}},"footnotes":""},"class_list":["post-1819","page","type-page","status-publish","hentry"],"uagb_featured_image_src":{"full":false,"thumbnail":false,"medium":false,"medium_large":false,"large":false,"1536x1536":false,"2048x2048":false,"mailpoet_newsletter_max":false},"uagb_author_info":{"display_name":"cdsistema","author_link":"https:\/\/cdsalta.gob.ar\/index.php\/author\/cdsistema\/"},"uagb_comment_info":0,"uagb_excerpt":"Mesa de Di\u00e1logo Permanente de Discapacidad El Concejo Deliberante creo, mediante Resoluci\u00f3n N\u00b0 262\/25, una Mesa de Di\u00e1logo Permanente de [&hellip;]","_links":{"self":[{"href":"https:\/\/cdsalta.gob.ar\/index.php\/wp-json\/wp\/v2\/pages\/1819","targetHints":{"allow":["GET"]}}],"collection":[{"href":"https:\/\/cdsalta.gob.ar\/index.php\/wp-json\/wp\/v2\/pages"}],"about":[{"href":"https:\/\/cdsalta.gob.ar\/index.php\/wp-json\/wp\/v2\/types\/page"}],"author":[{"embeddable":true,"href":"https:\/\/cdsalta.gob.ar\/index.php\/wp-json\/wp\/v2\/users\/1"}],"replies":[{"embeddable":true,"href":"https:\/\/cdsalta.gob.ar\/index.php\/wp-json\/wp\/v2\/comments?post=1819"}],"version-history":[{"count":7,"href":"https:\/\/cdsalta.gob.ar\/index.php\/wp-json\/wp\/v2\/pages\/1819\/revisions"}],"predecessor-version":[{"id":5724,"href":"https:\/\/cdsalta.gob.ar\/index.php\/wp-json\/wp\/v2\/pages\/1819\/revisions\/5724"}],"wp:attachment":[{"href":"https:\/\/cdsalta.gob.ar\/index.php\/wp-json\/wp\/v2\/media?parent=1819"}],"curies":[{"name":"wp","href":"https:\/\/api.w.org\/{rel}","templated":true}]}}